 is the units digit of 5389?
9
What is the units digit of 4954?
4
What is the hundreds digit of 244?
2
What is the hundreds digit of 8856?
8
What is the tens digit of 192710?
1
What is the ten thousands digit of 113430?
1
What is the ten thousands digit of 15493?
1
What is the tens digit of 23095?
9
What is the hundreds digit of 11494?
4
What is the thousands digit of 2997?
2
What is the hundreds digit of 1453?
4
What is the units digit of 819?
9
What is the units digit of 6604?
4
What is the hundreds digit of 12891?
8
What is the tens digit of 23063?
6
What is the units digit of 1641?
1
What is the hundreds digit of 4335?
3
What is the hundreds digit of 4584?
5
What is the thousands digit of 87747?
7
What is the units digit of 302?
2
What is the units digit of 4082?
2
What is the hundreds digit of 2297?
2
What is the units digit of 984?
4
What is the ten thousands digit of 14179?
1
What is the units digit of 562?
2
What is the hundreds digit of 7869?
8
What is the hundreds digit of 795?
7
What is the units digit of 88477?
7
What is the hundreds digit of 917?
9
What is the hundreds digit of 4478?
4
What is the hundreds digit of 5761?
7
What is the hundreds digit of 18870?
8
What is the tens digit of 4949?
4
What is the units digit of 2396?
6
What is the thousands digit of 1208?
1
What is the tens digit of 1833?
3
What is the hundreds digit of 103?
1
What is the thousands digit of 1431?
1
What is the tens digit of 1181?
8
What is the hundreds digit of 18746?
7
What is the ten thousands digit of 17698?
1
What is the units digit of 12084?
4
What is the tens digit of 4758?
5
What is the thousands digit of 4567?
4
What is the hundreds digit of 866?
8
What is the units digit of 703?
3
What is the units digit of 6424?
4
What is the hundreds digit of 4681?
6
What is the tens digit of 471?
7
What is the ten thousands digit of 32435?
3
What is the hundreds digit of 2428?
4
What is the hundreds digit of 83779?
7
What is the hundreds digit of 407?
4
What is the thousands digit of 1265?
1
What is the units digit of 577?
7
What is the hundreds digit of 49905?
9
What is the units digit of 1381?
1
What is the thousands digit of 23465?
3
What is the tens digit of 2922?
2
What is the hundreds digit of 7247?
2
What is the thousands digit of 1158?
1
What is the tens digit of 14555?
5
What is the units digit of 13567?
7
What is the hundred thousands digit of 194661?
1
What is the units digit of 309?
9
What is the units digit of 7894?
4
What is the tens digit of 462?
6
What is the ten thousands digit of 29149?
2
What is the hundreds digit of 28945?
9
What is the hundreds digit of 145?
1
What is the thousands digit of 3824?
3
What is the units digit of 192?
2
What is the tens digit of 810?
1
What is the hundreds digit of 93557?
5
What is the hundreds digit of 12608?
6
What is the units digit of 906?
6
What is the units digit of 566?
6
What is the thousands digit of 31030?
1
What is the units digit of 56990?
0
What is the tens digit of 500?
0
What is the units digit of 1635?
5
What is the ten thousands digit of 25924?
2
What is the units digit of 3279?
9
What is the hundreds digit of 20651?
6
What is the hundreds digit of 9331?
3
What is the units digit of 1765?
5
What is the units digit of 28494?
4
What is the thousands digit of 29474?
9
What is the units digit of 6685?
5
What is the tens digit of 1871?
7
What is the thousands digit of 1545?
1
What is the thousands digit of 5094?
5
What is the units digit of 1727?
7
What is the thousands digit of 4605?
4
What is the tens digit of 76447?
4
What is the units digit of 140?
0
What is the units digit of 5901?
1
What is the tens digit of 1627?
2
What is the ten thousands digit of 44060?
4
What is the units digit of 74342?
2
What is the units digit of 12675?
5
What is the hundreds digit of 1670?
6
What is the tens digit of 1477?
7
What is the units digit of 50169?
9
What is the units digit of 599?
9
What is the tens digit of 46462?
6
What is the thousands digit of 86420?
6
What is the units digit of 20593?
3
What is the units digit of 1025?
5
What is the tens digit of 5084?
8
What is the units digit of 2500?
0
What is the hundreds digit of 977?
9
What is the tens digit of 4993?
9
What is the hundreds digit of 5336?
3
What is the units digit of 1599?
9
What is the thousands digit of 5533?
5
What is the units digit of 8591?
1
What is the tens digit of 1956?
5
What is the hundreds digit of 43028?
0
What is the tens digit of 752?
5
What is the hundreds digit of 58796?
7
What is the hundreds digit of 305?
3
What is the hundreds digit of 64570?
5
What is the units digit of 44?
4
What is the tens digit of 39?
3
What is the units digit of 8742?
2
What is the thousands digit of 1672?
1
What is the ten thousands digit of 28316?
2
What is the units digit of 3973?
3
What is the units digit of 11340?
0
What is the thousands digit of 89258?
9
What is the thousands digit of 4039?
4
What is the tens digit of 33468?
6
What is the ten thousands digit of 16323?
1
What is the hundreds digit of 1983?
9
What is the tens digit of 18118?
1
What is the tens digit of 873?
7
What is the tens digit of 70518?
1
What is the thousands digit of 1154?
1
What is the tens digit of 6626?
2
What is the units digit of 1205?
5
What is the units digit of 2075?
5
What is the hundreds digit of 97379?
3
What is the tens digit of 3593?
9
What is the units digit of 5030?
0
What is the thousands digit of 36335?
6
What is the units digit of 790?
0
What is the thousands digit of 5659?
5
What is the tens digit of 50621?
2
What is the units digit of 1081?
1
What is the units digit of 2510?
0
What is the tens digit of 1100?
0
What is the tens digit of 15826?
2
What is the tens digit of 54548?
4
What is the tens digit of 304?
0
What is the units digit of 59690?
0
What is the hundreds digit of 1949?
9
What is the thousands digit of 146596?
6
What is the tens digit of 13802?
0
What is the tens digit of 1093?
9
What is the hundreds digit of 41800?
8
What is the tens digit of 1720?
2
What is the thousands digit of 1459?
1
What is the hundreds digit of 381?
3
What is the units digit of 39499?
9
What is the thousands digit of 2079?
2
What is the units digit of 103294?
4
What is the tens digit of 1094?
9
What is the tens digit of 88395?
9
What is the tens digit of 2911?
1
What is the hundreds digit of 57135?
1
What is the tens digit of 86048?
4
What is the hundreds digit of 951?
9
What is the ten thousands digit of 56226?
5
What is the hundred thousands digit of 106131?
1
What is the units digit of 23489?
9
What is the units digit of 6211?
1
What is the units digit of 58394?
4
What is the tens digit of 13657?
5
What is the units digit of 94?
4
What is the units digit of 864?
4
What is the hundreds digit of 20706?
7
What is the ten thousands digit of 21417?
2
What is the units digit of 10807?
7
What is the units digit of 13297?
7
What is the units digit of 15249?
9
What is the units digit of 115073?
3
What is the units digit of 86309?
9
What is the units digit of 215?
5
What is the ten thousands digit of 10761?
1
What is the units digit of 13206?
6
What is the thousands digit of 3115?
3
What is the tens digit of 12536?
3
What is the tens digit of 118636?
3
What is the ten thousands digit of 17964?
1
What is the tens digit of 1104?
0
What is the units digit of 10012?
2
What is the tens digit of 130242?
4
What is the units digit of 5524?
4
What is the hundreds digit of 947?
9
What is the units digit of 2570?
0
What is the tens digit of 17634?
3
What is the units digit of 1807?
7
What is the tens digit of 125561?
6
What is the hundreds digit of 1511?
5
What is the tens digit of 8725?
2
What is the ten thousands digit of 41454?
4
What is the units digit of 812?
2
What is the thousands digit of 55186?
5
What is the units digit of 332?
2
What is the units digit of 542?
2
What is the thousands digit of 8506?
8
What is the units digit of 824?
4
What is the units digit of 388?
8
What is the tens digit of 12511?
1
What is the tens digit of 2070?
7
What is the units digit of 21268?
8
What is the tens digit of 7746?
4
What is the hundreds digit of 4887?
8
What is the units digit of 876?
6
What is the hundreds digit of 4374?
3
What is the units digit of 454?
4
What is the hundreds digit of